100101011110110000001
In base 7, what is 462151366 - -103?
462151502
In base 13, what is 16 + 1480817?
1480830
In base 4, what is -13001303111 - -12?
-13001303033
In base 14, what is -9d6 - -3d?
-997
In base 5, what is -24424 - 21413111?
-21443040
In base 5, what is -3111 - 400303?
-403414
In base 9, what is -5 + -74512111?
-74512116
In base 6, what is -10505115 - 2?
-10505121
In base 13, what is 18c05 + 2bc8?
1bb00
In base 11, what is 195143257 - -2?
195143259
In base 2, what is 10101 + -1011101010110110100?
-1011101010110011111
In base 9, what is 15401 + 48640?
65141
In base 5, what is -2230212113 - -1?
-2230212112
In base 7, what is -14 + 123232?
123215
In base 4, what is 1201103 - 22030?
1113013
In base 9, what is -5 - 80187813?
-80187818
In base 6, what is 5 - -30031140?
30031145
In base 8, what is -172 - 16525637?
-16526031
In base 12, what is b61b2 - -229?
b641b
In base 2, what is 110000 - -100101111000111110100011?
100101111000111111010011
In base 11, what is 1 - -26183a84?
26183a85
In base 7, what is 4 + 1630002?
1630006
In base 8, what is -2360166 + -6?
-2360174
In base 13, what is -27 + -3c1c?
-3c46
In base 7, what is -12 - -13662621?
13662606
In base 2, what is 11011000001010110 - -100011011?
11011000101110001
In base 7, what is -3504 + 3103462?
3066655
In base 9, what is 484 - -1503032?
1503526
In base 15, what is -19768e - 4c?
-1976db
In base 7, what is -4651 - -164404?
156423
In base 6, what is -55 - 405231303?
-405231402
In base 8, what is -130227 - -6?
-130221
In base 7, what is 123632524 + 0?
123632524
In base 5, what is -120414243 + 122?
-120414121
In base 12, what is -23822 + -151?
-23973
In base 7, what is 446331 - 50515?
365513
In base 8, what is 136173 + -113?
136060
In base 9, what is -2 + -13561777?
-13561780
In base 11, what is 44 - 71681?
-71638
In base 10, what is -25686629 - -2?
-25686627
In base 12, what is 10750 - -200b?
1275b
In base 7, what is -4 - 126356532?
-126356536
In base 16, what is -132 - -ce020?
cdeee
In base 8, what is -12551 + 1616?
-10733
In base 15, what is d91e4 - 6?
d91dd
In base 12, what is -14189 + 784?
-13605
In base 13, what is 3 - 5693772?
-569376c
In base 6, what is -2013145 - 2121?
-2015310
In base 15, what is 620a71 + -22?
620a4e
In base 10, what is 66458 + -13?
66445
In base 14, what is -1 - -25870d?
25870c
In base 13, what is 2 + -1956048?
-1956046
In base 6, what is 1130 + 300012?
301142
In base 10, what is -6919 - -3639?
-3280
In base 2, what is 1001101000 - -10101001011001?
10110011000001
In base 10, what is -192963 + -1344?
-194307
In base 4, what is -33030322333 - 32?
-33030323031
In base 4, what is 11 + -3222211213020?
-3222211213003
In base 10, what is -5 - -11742334?
11742329
In base 3, what is 11102122220120 + 1?
11102122220121
In base 8, what is 6 + 150607672?
150607700
In base 6, what is -102134 + -240134?
-342312
In base 13, what is 5ac8600 - -5?
5ac8605
In base 14, what is 980 - -503?
1083
In base 7, what is -532155135 + 4?
-532155131
In base 15, what is 5ca31 - 24?
5ca0c
In base 2, what is -1000100110000001 - 110111101?
-1000101100111110
In base 14, what is -13cd - -43a8a?
4269b
In base 3, what is 2202 - 1110001021022?
-1110001011120
In base 15, what is -2878 + -27a9?
-5132
In base 12, what is -2677b0 - -44?
-267768
In base 7, what is -3645441 + -2031?
-3650502
In base 15, what is 1ca00 - 222?
1c7cd
In base 2, what is -10101000 - -10010110110000?
10010100001000
In base 16, what is 3d + -2580c?
-257cf
In base 4, what is 211310220 + -23202?
211221012
In base 14, what is -1501b - 33?
-15050
In base 2, what is -100 - 11100101010110100001110?
-11100101010110100010010
In base 15, what is 13ad + -131d5?
-11d27
In base 7, what is 5616 + 22110?
31026
In base 15, what is 321a9a + -1?
321a99
In base 11, what is -2515 + -314a?
-5664
In base 2, what is 101110011101111000000010010 + -11?
101110011101111000000001111
In base 3, what is -20202 + -102202021?
-110000000
In base 8, what is -11127 + -4720?
-16047
In base 14, what is -1c9 + 1135?
d4a
In base 5, what is -4000 + 21003003?
20444003
In base 12, what is 8 - -9a768?
9a774
In base 2, what is -1010000000111111001 - -11010100?
-1010000000100100101
In base 15, what is 6 + 4207b8?
4207be
In base 15, what is -5a0 - 177b?
-1d2b
In base 15, what is 1 + 496d264?
496d265
In base 9, what is -1012047 - 1?
-1012048
In base 5, what is 222434 + -10143304?
-4420320
In base 4, what is -1222130 + 312?
-1221212
In base 15, what is 1ecbca - -3?
1ecbcd
In base 8, what is -31153770 + -6?
-31153776
In base 3, what is -102021100120 + 211120?
-102020112000
In base 8, what is 610672 + 4?
610676
In base 16, what is -60ae + -2fa5?
-9053
In base 10, what is -13810244 + -15?
-13810259
In base 15, what is -99c898 + -a?
-99c8a3
In base 14, what is -59ac4 + -18?
-59adc
In base 14, what is -c08565 + 1b?
-c08548
In base 11, what is -2061 + 1801?
-360
In base 6, what is 302 - 10401223?
-10400521
In base 15, what is 8821b - -18?
88234
In base 10, what is 313286 + -39?
313247
In base 4, what is -21132203311 + 12?
-21132203233
In base 4, what is -1203032 + -3111130?
-10320222
In base 4, what is -1202032323210 + -11?
-1202032323221
In base 7, what is 0 + 1654321021?
1654321021
In base 6, what is 2025 + -12440005?
-12433540
In base 11, what is 5127 - -3a6?
5522
In base 5, what is -10 + -1210000043?
-1210000103
In base 16, what is -298 - 3465a?
-348f2
In base 6, what is -4110050251 + 0?
-4110050251
In base 4, what is -3033301303 - -11202?
-3033230101
In base 8, what is -105462 + -7377?
-115061
In base 14, what is 13a066 - 5?
13a061
In base 4, what is 32 + -110021213?
-110021121
In base 5, what is -2434433 + -14202?
-3004140
In base 13, what is -6247 + -3403?
-964a
In base 12, what is 2a6b1b - 553?
2a6588
In base 16, what is -56d037 - -4?
-56d033
In base 16, what is -1 + 5302920?
530291f
In base 2, what is 10110110 - 1001001000110100?
-1001000101111110
In base 9, what is 11085585 - -14?
11085610
In base 8, what is 1561553 + 1?
1561554
In base 10, what is 895 + -50840?
-49945
In base 7, what is -2 + -225041335?
-225041340
In base 6, what is 25345 + -35445?
-10100
In base 2, what is -1011011011011111011011 + 10110?
-1011011011011111000101
In base 8, what is 320 - -1623611?
1624131
In base 13, what is 77ca + -779?
7051
In base 13, what is -3 - -210a855?
210a852
In base 2, what is -100011100011010 + -110110000010?
-101010010011100
In base 5, what is 1 - -100220002040?
100220002041
In base 14, what is 2 - a0078b?
-a00789
In base 7, what is 434265216 - -6?
434265225
In base 5, what is -114201 + -1211?
-120412
In base 6, what is 13245505142 - -1?
13245505143
In base 9, what is -64668100 + 2?
-64668087
In base 12, what is 833a8 + -12?
83396
In base 8, what is -1233764 + -3251?
-1237235
In base 4, what is -211010002103 - -2?
-211010002101
In base 8, what is 7154 - 337?
6615
In base 2, what is 110000011001101011001110 + 10010010?
110000011001101101100000
In base 5, what is -1042134101 - -10?
-1042134041
In base 4, what is 200321 - -110030211?
110231132
In base 4, what is 11 - 13322300233011?
-13322300233000
In base 5, what is 324210104 - -32?
324210141
In base 10, what is -2540309 + -29?
-2540338
In base 13, what is 0 - 50c785?
-50c785
In base 5, what is 22141322011 + 4?
22141322020
In base 7, what is -1064544040 + -6?
-1064544046
In base 16, what is 8a106 + 13?
8a119
In base 5, what is 1403140 + 1044244?
3002434
In base 13, what is -8b8351 + -59?
-8b83aa
In base 7, what is -1225243 + -40?
-1225313
In base 10, what is -96743156 + -6?
-96743162
In base 6, what is 1243445 - 51?
1243354
In base 15, what is 2a0 - 2d3ce3?
-2d3a43
In base 2, what is 1000011110010011011011100 - -1?
1000011110010011011011101
In base 11, what is 215530 - 468?
215073
In base 3, what is -21 + -110001001202?
-110001002000
In base 6, what is 20 + -1543520?
-1543500
In base 5, what is 1312 - -104204001?
104210313
In base 4, what is -20322012302 + -10?
-20322012312
In base 6, what is -303435 - 5255?
-313134
In base 7, what is 16336 + -262215?
-242546
In base 16, what is -20 - -4463?
4443
In base 3, what is 100111220 - 12212010?
10122210
In base 10, what is 62829 - -580?
63409
In base 16, what is -230f0 + 27?
-230c9
In base 15, what is 2185 - 1c76?
40e
In base 12, what is 1779 + 1732?
32ab
In base 5, what is 4343